r of a and i?
6
Let f(i) = -i**2 - 7*i + 13. Let s be f(-7). What is the highest common divisor of s and 117?
13
Let u be 0 + 6/24 + 405/12. Calculate the greatest common divisor of 34 and u.
34
Let i be -2*1 + -1 + 283. Let g be i/15*6/4. What is the highest common factor of g and 4?
4
Suppose -5*s = s - 48. Calculate the highest common factor of 24 and s.
8
Let w = 29 - 9. Let i = -7 + w. Calculate the greatest common divisor of i and 13.
13
Let n be (-1)/(-2) - (-71)/2. Suppose -4*g = -g - 270. What is the greatest common factor of n and g?
18
Suppose a - 1 - 2 = 0. Suppose -2*s + 14 - 6 = 3*l, -a*l = 3*s - 9. What is the greatest common factor of s and 9?
1
Let m = -28 - -62. Calculate the greatest common factor of 51 and m.
17
Let h = 15 - 5. Let v be (-2)/(164/55 - 3). What is the greatest common divisor of h and v?
10
Let u = 0 - -8. What is the greatest common factor of 12 and u?
4
Suppose 4*g - l - 632 = -5*l, g - 148 = l. Let p be -3*((-204)/9)/4. Calculate the greatest common factor of g and p.
17
Let v be 6 + (-2)/(-4)*4. Let u = v + -3. Suppose -u = h - w - 18, 2*w - 37 = -5*h. What is the greatest common factor of h and 63?
9
Let q(k) = 17*k**2 - 2*k - 1. Let g be q(2). Suppose -2*c + 3 = -a, -c - 1 = -a - 0. Suppose c - 13 = -d. Calculate the greatest common divisor of g and d.
9
Let l be (0 - -2) + 3 + -1. Suppose 9*k - l*k = 220. What is the highest common factor of k and 4?
4
Let n be (-2)/((-2)/(-3))*-1. Suppose 3*l = 3*s - 2*l - 31, -4*s - n*l - 7 = 0. Let d be s/5 + (-48)/(-5). Calculate the greatest common factor of 40 and d.
10
Suppose -5*d - 2981 = 1794. Let i be (-1)/(-4) - d/20. Calculate the highest common divisor of i and 6.
6
Suppose 0 = -3*a + 8*a - 945. What is the highest common factor of a and 27?
27
Let z = -75 + 133. Let v = 2 + z. Calculate the greatest common factor of 15 and v.
15
Let k(s) = 4*s - 2. Let r be k(3). Let z be (-3)/6 + r/4. Calculate the highest common factor of z and 10.
2
Suppose -3*a = -3*r + 261, -4*a = -4 - 0. What is the highest common factor of r and 8?
8
Suppose 190*n = 186*n + 140. Calculate the highest common factor of 21 and n.
7
Let w(i) = i**3 - 3*i**2 + 3*i + 3. Let d be w(3). Let h be (-4)/d + 105/(-9). Let t be (-64)/h*3/2. What is the greatest common divisor of 20 and t?
4
Let n(f) = 2*f - 2. Let u be n(2). Let a(z) = 1 + 0 - 2*z - 4 + 5*z**u + z**3. Let d be a(-5). Calculate the greatest common factor of d and 21.
7
Let b = 11 + -7. Let d be (-4)/(-10) + 113/5. Suppose -b*w = -d + 3. What is the highest common factor of 5 and w?
5
Let c = 2 + 1. Let x be ((-5)/c)/(4/(-24)). Let f = x - 0. What is the greatest common divisor of 1 and f?
1
Suppose u - 5*f = 29, 0*u + u - 22 = -2*f. Let m(y) = -y**2 - 7*y - 4. Let n be m(-5). What is the greatest common divisor of u and n?
6
Let k(j) = -5*j**2 - j. Let m be k(-1). Let a(b) = b + 11. Let l be a(m). Calculate the highest common divisor of 21 and l.
7
Let h(w) = 2*w**2 + 3*w - 17. Let k be h(5). What is the greatest common factor of 12 and k?
12
Let t = 122 - 120. Calculate the highest common factor of t and 3.
1
Let f(a) = 8*a - 4*a - 4 + 16. Let b be f(6). What is the highest common divisor of 4 and b?
4
Suppose -18 = -m - 3. Let q = 15 + 15. Suppose 60 = 2*r - 3*k + 2*k, -r = -4*k - q. Calculate the highest common divisor of m and r.
15
Let m = 4 + -1. Suppose -5*g + 4*h = -13, -m*g - 5*h - 1 = 6. Let w be g - (3 + -2)*-6. What is the highest common factor of 7 and w?
7
Let x be 0 - (-5 + 4 + -191). What is the greatest common divisor of x and 24?
24
Let h(k) = -10*k - 5. Suppose 12 + 0 = -6*p. Let m be h(p). What is the highest common divisor of 3 and m?
3
Let u(v) = v**3 + 6*v**2 + 5*v + 10. Let k(h) = h**2 - 9*h + 4. Let a be k(8). Let d be u(a). What is the highest common divisor of d and 33?
11
Let i(w) = -2*w**3 + 2*w**2 - 3*w + 3. Let v be i(2). Let x(r) = r**3 + 11*r**2 + 6. Let m be x(v). Calculate the highest common factor of 54 and m.
6
Suppose 0 = -0*f + 2*f - 8. Calculate the highest common factor of 4 and f.
4
Let z be ((-1)/(-3))/((-5)/(-15)). Let q be z/(-6) - 1267/(-42). Let o(d) = d + 15. Let b be o(0). Calculate the greatest common factor of b and q.
15
Suppose -4*i + 4*d = 6*d, -5*i + 4*d + 13 = 0. Suppose 2*c = -2*c. Let p = i - c. Calculate the greatest common factor of 5 and p.
1
Let f = 18 + -27. Let x = f + 13. Suppose x*o - 1 = i + o, 0 = -3*i + 2*o + 4. Calculate the highest common divisor of i and 2.
2
Let p(r) = r + 7. Let i be p(13). What is the greatest common divisor of 4 and i?
4
Suppose 0 = -5*h - 3*t + 627, -2*h + 499 = 2*h + 5*t. What is the greatest common factor of 84 and h?
42
Suppose 5*q - 5 = -n, 3*n = -5*q - 3 + 18. Let v = 3 + n. Calculate the highest common factor of v and 8.
8
Let b be (-2)/(-8) - 638/(-8). Let q = 17 - 13. Let x be 4 + 4 + -2 + q. Calculate the highest common factor of b and x.
10
Let z(s) be the first derivative of s**2/2 - 2*s - 1. Let w be z(4). Calculate the highest common factor of w and 8.
2
Suppose -r - 29 = -8. Let u = r + 30. Let m = 4 + -3. What is the highest common divisor of m and u?
1
Suppose 0 = 4*z - 2 - 58. Suppose 2*w = c + 32, w - 47 = -2*w + c. What is the greatest common factor of z and w?
15
Let v be 3 + -2*-6*3. Suppose -15 + v = 3*m. Calculate the greatest common factor of 4 and m.
4
Let j be ((-2)/(-5))/((-1)/(-20)). Let k = 17 + -53. Let c be 572/18 - j/k. What is the greatest common factor of c and 80?
16
Let i(a) = -16*a - 11. Let l be 0/2 + 3 - 12. Let c be i(l). Suppose -2 + 21 = u. Calculate the highest common divisor of c and u.
19
Let t = 117 - 84. What is the highest common factor of 132 and t?
33
Suppose 0 = 6*s - 2*s + w - 115, -5*w = -5*s + 175. Let l be -1 + 0 - (6 - 22). What is the greatest common factor of l and s?
15
Let o(n) = n**3 + 7*n**2 + 2*n - 10. Let r be o(-5). Calculate the greatest common factor of 12 and r.
6
Let p = -7 - -5. Let v be (-18)/(-4)*p/(-3). Let k be 2/(-4) + (-98)/(-4). What is the greatest common divisor of k and v?
3
Suppose 4*y + 2*q = -146, -3*y - 48 = -y - 4*q. Let b = 8 - y. Let l be (-1 - -2)*27 + 1. Calculate the highest common factor of l and b.
14
Let s be (-62)/(-14) - (-9)/(-21). Suppose 2*t + 0 = -s, 5*t + 60 = 5*k. What is the highest common factor of 20 and k?
10
Let k(w) = 4*w**2 - 1. Let v be k(1). Suppose v = -3*b - 6, b = a + 9. Let t = 3 - a. What is the greatest common factor of 165 and t?
15
Suppose -4*z - 154 = -0*h - 3*h, 2*h - 103 = 3*z. Calculate the greatest common divisor of h and 10.
10
Let s(f) = 9 - 3 + f**3 - 6*f - 8*f - 13*f**2. Let g be s(14). What is the greatest common divisor of g and 12?
6
Let r = 65 + -27. Calculate the highest common divisor of 266 and r.
38
Let s be (12/9)/((-2)/(-9)). Let i be (-5)/(10/(-12)) - 3. Suppose u + i = t, t = -2*u - u - 1. Calculate the greatest common divisor of t and s.
2
Let n(r) = -r**3 + r**2 + r - 3. Let g be n(0). Let x = g - -12. Let l = 5 - 2. What is the highest common factor of l and x?
3
Suppose -2*h - 39 = -5*h. Let g = h + -4. Suppose 0 = -13*a + 9*a + 180. Calculate the greatest common divisor of g and a.
9
Suppose -3*a = a - 60. Suppose -12*s + a*s - 3 = 0. Suppose 0*c - 6 = -3*c. Calculate the greatest common divisor of s and c.
1
Suppose 3*v = -2*n + 12, 4*v = -0*n - 4*n + 20. What is the greatest common divisor of 3 and n?
3
Let r be ((-169)/(-13))/((-2)/(-34)). Calculate the greatest common factor of r and 34.
17
Suppose 0 = -12*a + 13*a - 36. What is the highest common divisor of a and 396?
36
Suppose -3*q + q + 10 = -4*k, 0 = 5*k - 5. What is the highest common factor of 7 and q?
7
Suppose 5*x = 4*f - 127, 2*f - 61 = 3*x + 2*x. Let u be (1 - f/9)*-6. What is the greatest common divisor of u and 2?
2
Let c(v) = -20*v**3 + 2*v**2 + 2*v + 1. Let h be c(-2). What is the highest common factor of h and 15?
15
Suppose 9*n = 12*n + 126. Let o = n + 64. Calculate the highest common divisor of 2 and o.
2
Suppose -5*z - 2*s = -80, z - 20 = 2*s - 4. Let c be 222/30 - (-6)/10. What is the greatest common divisor of z and c?
8
Let b(y) = 4*y**2 - 3*y**2 + 2 - 4. Let s be b(-2). Let a be (2 - 1) + 9 + -2. What is the greatest common divisor of s and a?
2
Let l(x) = x + 1. Let g be l(7). Let q = -18 - -2. Let p = 80 + q. 